{"id":427,"date":"2021-02-01T17:50:57","date_gmt":"2021-02-01T17:50:57","guid":{"rendered":"https:\/\/blog-kathrinseverin.ch\/?page_id=427"},"modified":"2022-11-15T07:21:22","modified_gmt":"2022-11-15T07:21:22","slug":"val-roseg-2-2","status":"publish","type":"page","link":"https:\/\/blog-kathrinseverin.ch\/index.php\/val-roseg-2-2\/","title":{"rendered":"Allgemeine Bedingungen zu den Reisen mit Kathrin Severin"},"content":{"rendered":"\n<p><br><\/p>\n\n\n\n<p><strong>Anmeldung f\u00fcr alle Reisen:<\/strong><br><br>F\u00fcr die Reisen k\u00f6nnen sie sich pers\u00f6nlich, per e-mail, schriftlich oder telefonisch anmelden.<br>Kathrin Severin<br>Oberm\u00fchlestrasse 2<br>8400 Winterthur<br>079 385 12 80<br>ks@kathrinseverin.ch<br>Anmeldungen werden nach Eingang ber\u00fccksichtigt, sie gelten als verbindlich.<\/p>\n\n\n\n<p><strong>Best\u00e4tigung und Rechnung<\/strong><\/p>\n\n\n\n<p>Nach der Anmeldung erhalten sie eine Buchungsbest\u00e4tigung bzw. eine Rechnung mit Einzahlungsschein. Ausserdem erhalten sie Informationen zum Hotel und zum Reiseablauf sowie eine detaillierte Materialliste f\u00fcrs Malen und Zeichnen.<br>Sp\u00e4testens 10 Tage nach der best\u00e4tigten Reservation muss eine Anzahlung erfolgen.<br>CHF 400 pro Person (Reisepreis bis CHF 1999.00) bzw. CHF 600 pro Person (Reisepreis ab CHF 2&#8217;000) Die Zahlung f\u00fcr den restlichen Reisepreis hat bis sp\u00e4testens 30 Tage vor Abreise zu erfolgen. Buchen Sie Ihre Reise weniger als 30 Tage vor Abreise, ist der gesamte Rechnungsbetrag sofort zur Zahlung f\u00e4llig.<br>Bei Reisen in der Schweiz erhalten sie f\u00fcr die Hotelkosten eine separate Rechnung welche gem\u00e4ss den Bedingungen der einzelnen Hotels beglichen werden muss:<br>Die Stornierungs-Bedingungen sind unter \u201eAnnullierung\u201c aufgef\u00fchrt.<br>Auf gewissen Auslandreisen werden die Hotelkosten direkt an Kathrin Severin bezahlt und von ihr beglichen. Es sind die bei der Buchung erw\u00e4hnten Preise in CHF oder \u20ac massgebend. Die in Fremdw\u00e4hrung verrechneten Preise werden, sofern nicht anders vereinbart, bei Buchung zum internen Tageskurs in CHF umgerechnet und belastet.<\/p>\n\n\n\n<p><strong>Reiseunterlagen<\/strong><\/p>\n\n\n\n<p>Vor der Abreise erhalten sie Informationen zu Reise. Falls die Anreise individuell erfolgt, erhalten sie rechtzeitig Informationen zum Treffpunkt.<\/p>\n\n\n\n<p><strong>Sie \u00e4ndern Ihre Anmeldung, Ihr Reiseprogramm oder k\u00f6nnen die Reise nicht antreten (Annullierung)<\/strong><br><br>Wenn Sie die Reise absagen (annullieren) oder eine \u00c4nderung, Umbuchung der gebuchten Reise w\u00fcnschen, m\u00fcssen Sie dies Kathrin Severin schriftlich oder per mail mitteilen. Die bereits erhaltenen Reise-dokumente \/ Tickets sind gleichzeitig zur\u00fcckzugeben. Bei Annullierung, \u00c4nderung oder Umbuchung Ihrer Reise werden pro Person CHF 100 als Bearbeitungsgeb\u00fchr erhoben. Diese Bearbeitungsgeb\u00fchren werden nicht durch eine allenfalls bestehende Annullierungskosten &#8211; Versicherung gedeckt.<br>Falls Annullationsgeb\u00fchren des Hotels erhoben werden, m\u00fcssen diese vom abgemeldeten Teilnehmer \u00fcbernommen werden.<br>Sagen Sie die Reise innerhalb der folgenden Fristen vor Reisebeginn ab, wollen Sie \u00c4nderungen oder Umbuchungen vornehmen lassen, so werden zus\u00e4tzlich zu den Bearbeitungsgeb\u00fchren folgende Annullierungskosten erhoben:<br>Bis 46 Tage vor Reisebeginn: 10% des Reisepreises<br>45 -31 Tage vor Reisebeginn: 25 % des Reisepreises<br>30 -15 Tage vor Reisebeginn: 50 % des Reisepreises<br>14 -8 Tage vor Reisebeginn: 80% des Reisepreises<br>7 -0 Tage vor Reisebeginn: 100% des Reisepreises<br>Nichterscheinen: In allen F\u00e4llen 100% des Reisepreises.<br>Bei Nichterscheinen oder fr\u00fchzeitiger Abreise erfolgt keine R\u00fcckerstattung.<\/p>\n\n\n\n<p><strong>Ersatzperson bei Reisen<\/strong><br><br>Sollten Sie verhindert sein, so k\u00f6nnen Sie eine Ersatzperson Ihre Reise antreten lassen. In diesem Fall sind allerdings folgende Voraussetzungen zu beachten: Die Ersatzperson ist bereit, Ihr Reisearrangement unter den gleichen Bedingungen zu \u00fcbernehmen, die Sie mit Kathrin Severin vereinbart haben.<br>Bei Flugreisen ist zu beachten, dass die Fluggesellschaften andere Bedingungen anwenden k\u00f6nnen; insbesondere akzeptieren sie nicht immer eine Ersatzperson bzw. eine Namens\u00e4nderung.<br>Bei der Umbuchung auf eine Ersatzperson betr\u00e4gt die Bearbeitungsgeb\u00fchr CHF 100.00 pro Person. Sie haften in jedem Fall pers\u00f6nlich f\u00fcr die Bezahlung des Arrangements.<\/p>\n\n\n\n<p><strong>Gutscheine<\/strong><br><br>Gutscheine f\u00fcr  Reisen werden nicht in bar ausbezahlt. <\/p>\n\n\n\n<p><strong>Versicherungen<\/strong><\/p>\n\n\n\n<p>Die Teilnehmer sind selber f\u00fcr ausreichende Versicherungsdeckung verantwortlich. <br>Eine Reise-R\u00fccktrittsversicherung ist obligatorich.<\/p>\n\n\n\n<p><strong>Annullierung der gebuchten Reise durch Kathrin Severin<\/strong><br><br>Bei h\u00f6herer Gewalt, Pandemien, politischen Unruhen, Streiks, Katastrophen usw. kann eine Absage durch Kathrin Severin aus Sicherheitsgr\u00fcnden auch kurzfristig erfolgen. In solchen F\u00e4llen werden bereits bezahlte Einzahlungen an Kathrin Severin bis auf die Bearbeitungsgeb\u00fchr zur\u00fcck erstattet, falls die Betr\u00e4ge noch nicht f\u00fcr Fremdkosten bereits verwendet wurden. R\u00fcckerstattungen der anderen Anbieter ( zB. Hotels, Bahn, Fl\u00fcge ) werden individuell geregelt. Nicht zur\u00fcck erstattbare Leistungen k\u00f6nnen der Reiseversicherung gemeldet werden.<br>Bei Nichterreichen der Mindestteilnehmerzahl kann eine Reise bis 30 Tage vor der Abreise durch Kathrin Severin abgesagt werden. Bezahlte Betr\u00e4ge werden zur\u00fcck erstattet.<\/p>\n\n\n\n<p><strong>Hotels<\/strong><\/p>\n\n\n\n<p>Wir \u00fcbernachten auf den Reisen immer in guten Mittelklassehotels. Meistens werden Doppelzimmer zur Einzelben\u00fctzung angeboten. Einzelzimmer sind nur zum Teil vorhanden. Doppelzimmer zur Einzelnutzung werden von den Hotels meistens zum Normalpreis ohne Reduktion vermietet. Ich empfehle m\u00f6glichst zu zweit im Doppelzimmer zu \u00fcbernachten. Normalerweise steht uns in den Hotels ein Arbeitsraum zu Verf\u00fcgung.<\/p>\n\n\n\n<p><strong>Verpflegung<\/strong><\/p>\n\n\n\n<p>Das Fr\u00fchst\u00fcck  und eine Hauptmalzeit pro Tag sind im Reisepreis Inbegriffen. Beachten sie die Reiseausschreibung.<br>Getr\u00e4nke und Extras sind nicht inbegriffen.<\/p>\n\n\n\n<p><strong>Teilnehmerzahl<\/strong><\/p>\n\n\n\n<p>Mindestens 8 und h\u00f6chstens 14 gestaltende Teilnehmer, je nach Reisedestination. Eine Reise kann mit weniger als 8 Personen durchgef\u00fchrt werden, dies f\u00fchrt jedoch zu einem Preisaufschlag.<\/p>\n\n\n\n<p><strong>Begleitung<\/strong><\/p>\n\n\n\n<p>Personen welche mit einem gestaltenden Teilnehmer ein Doppelzimmer teilen und welche nicht Zeichnen oder Malen, erhalten eine Reduktion von CHF 250 auf den Reisepreis.<\/p>\n\n\n\n<p><strong>Material<\/strong><\/p>\n\n\n\n<p>Das Material zum Malen und Zeichnen ist bei den Reisen nicht inbegriffen. <br>Eine Materialliste wird zusammen mit der Reisebest\u00e4tigung versandt.<\/p>\n\n\n\n<p><strong>Infobuch<\/strong><\/p>\n\n\n\n<p>Zu Beginn der Reise erhalten alle Teilnehmer das \u201eB\u00fcechli\u201c mit einem provisorischen Wochenplan, mit Infos zum Malen und Zeichnen und zur Umgebung.<\/p>\n\n\n\n<p><strong>Unterrichtszeiten<\/strong><\/p>\n\n\n\n<p>Kathrin Severin ist w\u00e4hrend der Reise t\u00e4glich anwesend und f\u00fcr gestalterische Tipps verf\u00fcgbar. Jeden Tag trifft sich die Malgruppe zu gemeinsamen Besprechungen und Instruktionen durch Kathrin Severin.<\/p>\n\n\n\n<p><strong>Vernissage<\/strong><\/p>\n\n\n\n<p>Zum Abschluss der Reise findet eine kleine Abschlussfeier, bzw. Vernissage mit den entstandenen Werken statt. Dazu sind Bekannte und Freunde oder andere G\u00e4ste herzlich eingeladen.<\/p>\n\n\n\n<p><strong>Reiseorganisation und Leitung<\/strong><\/p>\n\n\n\n<p>Alle Reisen werden von Kathrin Severin konzipiert, organisiert und geleitet. An gewissen Destinationen werden zus\u00e4tzliche F\u00fchrungen organisiert.<\/p>\n\n\n\n<p><strong>Wartelisten<\/strong><\/p>\n\n\n\n<p>Falls eine Reise bereits ausgebucht sein sollte, k\u00f6nnen sie sich unverbindlich in die Warteliste eintragen lassen. Falls ein Platz frei werden sollte, werden sie benachrichtigt.<\/p>\n\n\n\n<p id=\"hotelroseg-gletscher\"><strong><br><\/strong><\/p>\n\n\n\n<h2 class=\"wp-block-heading\"><\/h2>\n","protected":false},"excerpt":{"rendered":"<p>Anmeldung f\u00fcr alle Reisen: F\u00fcr die Reisen k\u00f6nnen sie sich pers\u00f6nlich, per e-mail, schriftlich oder telefonisch anmelden.Kathrin SeverinOberm\u00fchlestrasse 28400 Winterthur079 385 12 80ks@kathrinseverin.chAnmeldungen werden nach Eingang ber\u00fccksichtigt, sie gelten als verbindlich. Best\u00e4tigung und Rechnung Nach der Anmeldung erhalten sie eine Buchungsbest\u00e4tigung bzw. eine Rechnung mit Einzahlungsschein. Ausserdem erhalten sie Informationen zum Hotel und zum Reiseablauf &hellip; <\/p>\n<p class=\"link-more\"><a href=\"https:\/\/blog-kathrinseverin.ch\/index.php\/val-roseg-2-2\/\" class=\"more-link\"><span class=\"screen-reader-text\">&#171;Allgemeine Bedingungen zu den Reisen mit Kathrin Severin&#187;<\/span> weiterlesen<\/a><\/p>\n","protected":false},"author":1,"featured_media":0,"parent":0,"menu_order":0,"comment_status":"closed","ping_status":"closed","template":"","meta":{"footnotes":""},"class_list":["post-427","page","type-page","status-publish","hentry"],"_links":{"self":[{"href":"https:\/\/blog-kathrinseverin.ch\/index.php\/wp-json\/wp\/v2\/pages\/427","targetHints":{"allow":["GET"]}}],"collection":[{"href":"https:\/\/blog-kathrinseverin.ch\/index.php\/wp-json\/wp\/v2\/pages"}],"about":[{"href":"https:\/\/blog-kathrinseverin.ch\/index.php\/wp-json\/wp\/v2\/types\/page"}],"author":[{"embeddable":true,"href":"https:\/\/blog-kathrinseverin.ch\/index.php\/wp-json\/wp\/v2\/users\/1"}],"replies":[{"embeddable":true,"href":"https:\/\/blog-kathrinseverin.ch\/index.php\/wp-json\/wp\/v2\/comments?post=427"}],"version-history":[{"count":9,"href":"https:\/\/blog-kathrinseverin.ch\/index.php\/wp-json\/wp\/v2\/pages\/427\/revisions"}],"predecessor-version":[{"id":1003,"href":"https:\/\/blog-kathrinseverin.ch\/index.php\/wp-json\/wp\/v2\/pages\/427\/revisions\/1003"}],"wp:attachment":[{"href":"https:\/\/blog-kathrinseverin.ch\/index.php\/wp-json\/wp\/v2\/media?parent=427"}],"curies":[{"name":"wp","href":"https:\/\/api.w.org\/{rel}","templated":true}]}}